(3).
9
Let f(s) = -8 - s**2 + 2 + 0*s**2 - 8*s. Let c be f(-8). Let t(z) = z**3 + 5*z**2 - 7*z - 4. What is t(c)?
2
Let a = 11 + -7. Suppose -9 = -7*x + a*x. Let m(v) = -37*v**3 - 2*v + 4 + 2*v**2 + 36*v**3 + 4*v. What is m(x)?
1
Let n be 1/3*(1 + 2). Suppose -3*v + 2 = 2*o, -3*v = -2*o - n + 15. Let s(z) = z**3 - 5*z**2 + 2*z + 2. Calculate s(o).
-6
Let b(r) be the first derivative of -r**2/2 - 7*r - 12. Give b(-5).
-2
Let k = -9 - -7. Let x = 1 - k. Let s = -7 + x. Let m(r) = -r**3 - 3*r**2 + 4*r + 4. Determine m(s).
4
Let d(w) = 7*w + 11. Let t(b) = 8*b + 12. Suppose 0 = -3*g - g + 24. Let x(n) = g*t(n) - 7*d(n). Calculate x(0).
-5
Let j(z) = -4*z**3 + 5*z**2 - 2*z. Let r(v) = v**3 + v. Let q(b) = -j(b) - 5*r(b). Calculate q(-4).
-4
Let w(v) = -2*v + 5. Let l(g) = -1. Let s(u) = l(u) + w(u). Suppose -2*f + 3*o = -2, -4*f = -f - 3*o - 6. Calculate s(f).
-4
Let l(z) = -3*z**2. Let j = 4 + -2. Let p(c) = c**3 - 13*c**2. Let b(v) = j*p(v) - 9*l(v). Determine b(-1).
-1
Let p(m) = -5*m + 4. Let y be (6/4*4)/2. Give p(y).
-11
Let o(i) = i**3 + 7*i**2 + 6*i - 5. Suppose 2*m + 12 = -0. Determine o(m).
-5
Let s(g) = -5*g - 4. Let r(p) = -14*p - 8 + 1 + 0 - 5. Let u(b) = -4*r(b) + 11*s(b). Determine u(-5).
-1
Let h(b) = -b**2 + b + 4. Let j be 63/12 - (-1)/(-4). Suppose 2*v + d + 4 = 0, j*v + 9 - 2 = -4*d. Give h(v).
-8
Let m be (-6)/10 - (-14)/(-35). Let t(z) = -8*z**3 + 1. Give t(m).
9
Let q(m) = -m + 1. Suppose 4*c = 3*c + 2. Suppose -8*k + 3*k = 0. Let i = k - c. Determine q(i).
3
Let t(o) = 2 - 4*o - 3 + 2 + 4*o**2 + o**3. Calculate t(-5).
-4
Let m(v) = -2*v**2 + 1. Suppose 5*z + 3*p = -69, -2*p = 5*z + 16 + 50. Let w be 5/2*z/(-15). Determine m(w).
-7
Let u(g) be the second derivative of 2*g**3/3 - g**2/2 - 2*g. Let a be (-6)/(-5) - 4/20 - 3. Give u(a).
-9
Let t(u) = -3*u + 3*u**3 - u**2 + 2*u + 0*u + 3*u**3. Give t(-1).
-6
Let l(w) = w**2 + w + 5. Let d(h) = 1. Let i = 3 + -2. Let f(t) = i*l(t) - 4*d(t). Give f(-2).
3
Let b(y) = 6*y + 13*y**2 - 7*y**2 + 8 - 7*y**2. Give b(8).
-8
Let i(k) = k. Let s(g) = -g**3 + 9*g**2 - 6*g - 2. Let l(a) = -4*i(a) + s(a). Give l(8).
-18
Let h(f) = f - 10. Let l = 14 + -21. What is h(l)?
-17
Suppose 2*v - 2 = 4. Suppose -v*y - 2 = -11. Suppose 3*s - s - 15 = -3*d, 3*s = 2*d + y. Let a(u) = -u**2 + 3*u. Give a(d).
0
Let c(m) be the second derivative of -1/20*m**5 + 3/2*m**2 + 0 - 2*m + 0*m**3 + 1/6*m**4. Suppose 4*o = 3*l + 9, l + 2 = 3. Determine c(o).
-6
Let t be 18/(-12)*(-4)/3. Suppose -3*v = t*v - 25. Let d be (-6)/v*(-5)/2. Let j(y) = -y**2 + 6*y - 1. Give j(d).
8
Let x(o) = -o**3 + o + 1. Let l(z) = 2*z**2 + 11*z + 2. Let m be l(-6). Let s be m/10 - (-98)/(-35). Determine x(s).
7
Let m = 0 + -3. Let o(h) = h**2 - h. Calculate o(m).
12
Let p = 9 - 8. Suppose -p + 0 = -b. Let t(f) be the second derivative of 2*f**5/5 - f**3/6 - 3*f. Determine t(b).
7
Let j be (3/6)/((-4)/(-8)). Let t be (4 - j - -1)/2. Let a(h) = h**3 - h**2 - 3*h + 2. Give a(t).
0
Let w(a) be the second derivative of -a**7/840 + a**6/180 + 7*a**5/120 - a**4/4 - a**3/3 - 3*a. Let d(y) be the second derivative of w(y). Calculate d(4).
-10
Let y(k) = -k**2 - 7. Let r(q) = -q + 8. Let t be r(8). Give y(t).
-7
Let s(o) = o**3 + 4*o**2 - 2*o + 4. Suppose -4*t + 45 = 5*z, -3*t = z - 8 - 12. Suppose -3*m - 6 = -4*m - 2*x, -25 = z*m - x. Calculate s(m).
12
Let s = -4 - -7. Let m(x) = -9*x**s + 13*x**3 - 9*x**2 - 7*x**2 + 15*x**3. Let c(i) = -4*i**3 + 3*i**2. Let k(p) = 11*c(p) + 2*m(p). Give k(-1).
7
Let x(g) = -4*g**3 - 3*g**2 - 4*g + 7. Let w(m) = -m**3 + m**2 + 1. Let n(f) = 3*w(f) - x(f). Calculate n(-5).
1
Let u be 1*2 + 4 + -6. Suppose -4*a = -4*c + c - 5, u = c - 3*a + 10. Let m(n) = -n**3 - 4*n**2 - n**3 + 6 + 3*n**3 - 5*n. Determine m(c).
6
Let w(r) = 5*r**3 + 3*r**2 - 6*r. Let t(m) = 2*m**3 + 2*m**2 - 3*m. Let q(g) = 7*t(g) - 3*w(g). Suppose -1 = s - 2*y, 0*y = 2*s - 2*y - 2. Calculate q(s).
9
Suppose 5*a - 2 = 8. Let n(p) be the second derivative of p**4/6 + p**3/6 - p**2 - 21*p. Calculate n(a).
8
Let s(k) = -10*k - 4 - 31*k**2 - 11 + 6*k**2 - 5*k**3. Let w(o) = o**3 + 5*o**2 + 2*o + 3. Let j(t) = -2*s(t) - 11*w(t). Let c = 12 - 17. Give j(c).
7
Let q(m) = -3*m + 0*m - 2 - 2*m - m**2. Let n be q(-3). Let y(a) = -4*a**3 - a**3 + n*a**3 - 5*a + 5*a**2. Determine y(4).
-4
Let b(h) be the third derivative of -h**5/60 - 7*h**4/24 - h**3 - 41*h**2. Give b(-8).
-14
Let f(o) = -10*o**2 + 1. Let n = -15 - -15. Suppose 4*h + 5 = 3*t - n*h, -h + 3 = -5*t. What is f(t)?
-9
Suppose 4*b + 3*m - 2 + 13 = 0, 5*m = 3*b + 30. Let t(o) = -o**2 - 3*o + 5. Give t(b).
-5
Let n(v) = 2*v**2 - 5*v - 6. Let h be n(3). Let x(p) = 1 + 2*p - 2 + 4. Give x(h).
-3
Let p(k) = k - 2. Let s be (6/(-4))/(2/(-4)). Suppose -5*u = -2*c - 35, u = -u + 4*c + 30. Suppose -2*f = s*o - 6*f - 12, u*o - 20 = -f. Give p(o).
2
Let q(u) be the first derivative of -4*u**2 + 3*u + 4. What is q(3)?
-21
Let w = -4 - -4. Suppose w = q - 2. Let s(h) = 4*h + 0 - q + 3. Determine s(-1).
-3
Let c(s) = s + 6. Let w be c(-7). Let x = 3 - 0. Let d = w + x. Let o(h) = -7*h + 3. Calculate o(d).
-11
Let r = 12 - 8. Let h(q) = -5*q + 2 - 4 - r*q - q**2 - 7. Let z be h(-7). Let w(f) = 2*f - 6. Give w(z).
4
Let x(u) = u**3 + 3*u**2 + 3*u + 3. Let s be -4 + 2 - 1*-2. Suppose p + s*p - 5*n = 8, n = 3*p + 4. Calculate x(p).
1
Let g be (26/(-65))/(4/(-30)). Let o(l) be the first derivative of 7/2*l**2 - 1 + 1/3*l**3 + g*l. Give o(-5).
-7
Let h(u) = -u**3 - 5*u**2 + 7*u + 1. Let z(v) = -v**3 - 5*v**2 + 6*v + 2. Let l(k) = 4*h(k) - 5*z(k). Determine l(-5).
4
Let w(x) = 3 - 3 + 4 - x. Let r(b) = -10*b + 9. Let c(t) = 3*t - 3. Let j(l) = 7*c(l) + 2*r(l). Let y(i) = 3*j(i) + 4*w(i). Give y(0).
7
Let l(v) = v**2 + 5*v - 4 + 2*v - 2*v. Suppose 7 = h + 2. Suppose -2*z - 5 = h. Calculate l(z).
-4
Let c(r) = r**2 - 1. Suppose -5*s + 4*a = -a - 10, 3*s + a - 2 = 0. Let u = s + -1. Suppose -2*h + h - 1 = u. What is c(h)?
0
Let l(a) = a - 3. Let x(n) = -3. Let j = 8 - 10. Let o(y) = j*x(y) + 3*l(y). Give o(3).
6
Suppose 12*a - 30 = 7*a. Let z be ((-4)/3)/(a/27). Let h(n) = n**3 + 6*n**2 - 2*n - 9. Calculate h(z).
3
Let n(t) = t**3 - 2*t**2 - 3*t + 2. Let r(o) = 2*o - 6. Let h be r(5). Suppose -h = -0*z - 2*z. Suppose -2*b - 2*p + 8 = 0, -3 = -3*b + 4*p + z. What is n(b)?
2
Let t(j) be the third derivative of j**5/60 + 7*j**4/24 - j**3/6 + 22*j**2. Calculate t(-8).
7
Let u be (-88)/(-8) - (-1)/(-1). Let h be (-44)/(-20) + (-2)/u. Let i(g) = 3*g + 2. Determine i(h).
8
Suppose -3*h + 8 = -5*v - 4, 3*v + 8 = 2*h. Let d(q) = -5 - q + 3*q - h*q. What is d(-6)?
7
Let g be (-228)/(-36) + (-2)/(-3). Suppose -g*d - 10 = -2*d. Let t(h) = 2*h**2 + h - 2. Determine t(d).
4
Let j(m) = 0 - 2*m - 1 + 3*m + m**2. Give j(1).
1
Suppose -14 + 12 = t. Let w(x) = x**3 - 3*x - 3. What is w(t)?
-5
Let q be ((-6)/(-5))/(2/5). Let y(c) = -c**2 + 3*c + 2. Let n be y(q). Let k(o) = -5*o + 2*o - n + 2*o. Determine k(-3).
1
Let a(j) = -j**3 + 0*j**3 + 3*j**3 + j + 3*j**3 - 1 + j**2. Determine a(1).
6
Let n(a) = -12*a**2 + 5. Let c(t) be the first derivative of 12*t**3 - 14*t - 1. Let h(b) = -4*c(b) - 11*n(b). Determine h(1).
-11
Let f(v) = 2*v**3 + 7*v**2 - 7*v + 6. Let l(g) = g**3 + 7*g**2 - 6*g + 7. Let y(m) = -2*f(m) + 3*l(m). What is y(6)?
21
Suppose 52*k + 12 = 55*k. Let g(o) = -o**2 + 3*o + 4. What is g(k)?
0
Let a(h) = -h - 3. Let i = -4 - -35. Suppose f = m - 10, 3*f - 5*m + i + 9 = 0. Calculate a(f).
2
Let n be (0 - -6)*(-1)/(-3). Suppose 0 = -3*q - 0*q + 3*k + 18, 21 = 4*q - 5*k. Suppose n*x - q = -x. Let g(h) = -2*h**2 + 5*h - 4. Calculate g(x).
-7
Let p(q) = 5*q**3 - q**2 - 1. Let s be p(2). Suppose -4*x - s + 11 = 0. Let g be 4/((-4)/x*3). Let l(m) = -2*m**2. Calculate l(g).
-8
Let y(r) = r + 15. Let b be y(-10). Let j(q) = -q**2 - 1 - q**3 - b*q**3 + q - q - 2*q. Determine j(-1).
6
Let c(k) = 10*k**2 - k. Suppose -6*z = -4 + 10. Determine c(z).
11
Let i(v) = v + 2. Let h = -13 + 15. Give i(h).
4
Let d(w) = -w + 2. Let t be (6/(-5))/(3/(-20)). Let p be (5/(-10))/((-2)/t). Give d(p).
0
Let m(t) = -t**3 - t**2 + 5*t - 3. Let i(b) = -3*b**3 - 4*b**2 + 15*b - 9. Let p(s) = -2*i(s) + 7*m(s). What is p(3)?
-6
Let k(a) = 3*a**2 + 4*a - 1. Let o(s) = -s**2 - s. Let f(g) = -k(g) - 5*o(g). What is f(-1)?
2
Let o(r) = 7*r + 10. Let h(v) = 13*